what is 70a + 3?
711
In base 10, what is -322 + 5?
-317
In base 16, what is -1 - -1a3f?
1a3e
In base 11, what is -4 - 207?
-210
In base 5, what is 12 - -112?
124
In base 11, what is -280 - -1?
-27a
In base 9, what is -16 - 0?
-16
In base 13, what is 5 - 67?
-62
In base 5, what is 10112 + 44?
10211
In base 14, what is 4 - -19?
1d
In base 14, what is 9 + 2b?
36
In base 12, what is 2 + -58?
-56
In base 10, what is 30 + -50?
-20
In base 14, what is -147 + -2?
-149
In base 6, what is -3 + 311?
304
In base 13, what is 9 + 166?
172
In base 6, what is 4 - -210?
214
In base 8, what is -1 - 120?
-121
In base 12, what is -161 - -4?
-159
In base 4, what is -2223 + 1?
-2222
In base 5, what is 2314 - 102?
2212
In base 10, what is -2 + 3?
1
In base 14, what is 18 - 0?
18
In base 16, what is -2 + 77c?
77a
In base 7, what is -14 + -100?
-114
In base 5, what is -120 - -1024?
404
In base 7, what is -2323 + 1?
-2322
In base 15, what is 8b + -2?
89
In base 2, what is 0 + -1110101?
-1110101
In base 2, what is -11 + -1?
-100
In base 7, what is -4 - 33?
-40
In base 12, what is -3 + -34a?
-351
In base 13, what is 9 + -1a?
-11
In base 3, what is 10 - 1000?
-220
In base 11, what is 1 - -423?
424
In base 12, what is -10128 + 0?
-10128
In base 12, what is 0 - -13?
13
In base 7, what is 110113 - 3?
110110
In base 13, what is -355 + -3?
-358
In base 5, what is -2 - 14313?
-14320
In base 13, what is -4 + 680?
679
In base 15, what is 502 + -5?
4ec
In base 12, what is 379a - -4?
37a2
In base 7, what is -34 + 5?
-26
In base 7, what is -2051 - 0?
-2051
In base 15, what is -3 + -67?
-6a
In base 12, what is -1 - 38?
-39
In base 7, what is 1 - 1504?
-1503
In base 13, what is 2 - -103?
105
In base 8, what is 246 - 1?
245
In base 4, what is 2 - 20?
-12
In base 5, what is -20 - 201?
-221
In base 13, what is 135 + -28?
10a
In base 6, what is 2 - -4214?
4220
In base 9, what is -2 + -1834?
-1836
In base 8, what is 11 + -24?
-13
In base 16, what is -1c1 - -4?
-1bd
In base 11, what is 9a - 3?
97
In base 13, what is -85 + -3?
-88
In base 3, what is -211011 - 11?
-211022
In base 12, what is 89 + 5?
92
In base 8, what is 4 + -120?
-114
In base 3, what is 0 + 2112?
2112
In base 16, what is 11 + -11?
0
In base 9, what is -4 + -726?
-731
In base 4, what is 211203 - -31?
211300
In base 11, what is 62 - 15?
48
In base 16, what is 10 + -19a?
-18a
In base 6, what is 0 + 241?
241
In base 5, what is -204 + 3?
-201
In base 14, what is -57c9 + -5?
-57d0
In base 10, what is -3 - 55?
-58
In base 8, what is -41 - 165?
-226
In base 3, what is 1200 + 1?
1201
In base 9, what is -135 - -7?
-127
In base 15, what is 3 + -ddd?
-dda
In base 2, what is -11110101 - 10?
-11110111
In base 2, what is -11001 + -1?
-11010
In base 6, what is 240 - -2?
242
In base 3, what is 1 - -12010?
12011
In base 6, what is 113 - 1?
112
In base 2, what is 11101101 + 100011?
100010000
In base 12, what is -15 - -199?
184
In base 14, what is 8 + -4c?
-44
In base 4, what is 20 + 12031?
12111
In base 11, what is -31 + 9?
-23
In base 9, what is -6 - 1260?
-1266
In base 7, what is 2114 - 1?
2113
In base 8, what is 304 - -5?
311
In base 9, what is -2 + 111?
108
In base 7, what is 14 + 162?
206
In base 14, what is 23a + -20?
21a
In base 6, what is 1 - 152?
-151
In base 12, what is -12 - -65?
53
In base 13, what is -49 - -67?
1b
In base 5, what is 3 + -401?
-343
In base 5, what is 1043 + 313?
1411
In base 4, what is -20101 - -13?
-20022
In base 13, what is -79 + -23?
-9c
In base 11, what is -14 + 4?
-10
In base 13, what is 7 - 9?
-2
In base 15, what is -36b - -1?
-36a
In base 14, what is -384 + 2?
-382
In base 14, what is -427 + 1?
-426
In base 15, what is 34 - 0?
34
In base 5, what is -20040 + 2?
-20033
In base 9, what is -36 - -24?
-12
In base 9, what is -50 - -22?
-27
In base 6, what is 13 - -5?
22
In base 10, what is -1120 + 5?
-1115
In base 9, what is -161 + 2?
-158
In base 2, what is -1011101 + 101?
-1011000
In base 14, what is 825 - 0?
825
In base 9, what is -71 - 8?
-80
In base 6, what is -3422 + 10?
-3412
In base 3, what is 2101200 - 12?
2101111
In base 3, what is -1100221001 - 12?
-1100221020
In base 5, what is 212 + 4?
221
In base 15, what is -d - -30?
22
In base 9, what is -50 + 18?
-31
In base 4, what is -1012 + 2?
-1010
In base 11, what is 2 - -139?
140
In base 12, what is 15 - 77?
-62
In base 13, what is -4c - 3?
-52
In base 10, what is -52 - 13?
-65
In base 14, what is 3 - -73?
76
In base 15, what is 4 + 22?
26
In base 6, what is -241 - -5?
-232
In base 10, what is 128 - 0?
128
In base 4, what is 310 - 30?
220
In base 2, what is 10100010100 + -10?
10100010010
In base 11, what is 3 + -1a9?
-1a6
In base 3, what is 0 - 101220?
-101220
In base 12, what is -3 - 110?
-113
In base 6, what is -412 + -4?
-420
In base 11, what is -1 + -1078?
-1079
In base 2, what is -1111100100 + -1101?
-1111110001
In base 16, what is -2 + -15?
-17
In base 7, what is -1125 + -1?
-1126
In base 9, what is 4 + 371?
375
In base 4, what is 10 + 3022?
3032
In base 14, what is 7d - -1?
80
In base 13, what is -1 + 6?
5
In base 10, what is -2 + 31?
29
In base 14, what is 129 - 2?
127
In base 8, what is 4 - -51?
55
In base 5, what is 3 + -202134?
-202131
In base 16, what is 3d + 2?
3f
In base 13, what is -761c + 4?
-7618
In base 12, what is -22a - 1?
-22b
In base 7, what is -1 + -46?
-50
In base 16, what is 2 - -2?
4
In base 12, what is -7 - -1?
-6
In base 11, what is -305 - 21?
-326
In base 15, what is -e + -7c?
-8b
In base 8, what is -426 + -5?
-433
In base 12, what is 10193 - 5?
1018a
In base 10, what is 47 + 8?
55
In base 10, what is -440 - 0?
-440
In base 3, what is 21 - -11110?
11201
In base 11, what is -5 + -232?
-237
In base 5, what is -11123 - -4?
-11114
In base 12, what is 938 + 10?
948
In base 7, what is -12 - 23?
-35
In base 8, what is -464 + 14?
-450
In base 16, what is -5 - 0?
-5
In base 9, what is -16654 - -2?
-16652
In base 11, what is 4 - -401?
405
In base 5, what is 311 - -11?
322
In base 11, what is -5 + -19?
-23
In base 16, what is -31a - -5?
-315
In base 8, what is -2 - -342?
340
In base 6, what is -11413 + 5?
-11404
In base 13, what is -1789 + -1?
-178a
In base 6, what is -4 - 235?
-243
In base 16, what is -11 - -ae?
9d
In base 12, what is 8 - -10?
18
In base 16, what is -64 + 5?
-5f
In base 9, what is 7 + 37?
45
In base 13, what is -4 + 8b?
87
In base 6, what is -12533 + 5?
-12524
In base 8, what is -6 - 710?
-716
In base 14, what is 2518 + 2?
251a
In base 10, what is -58 + 0?
-58
In base 2, what is -1 - 111010100?
-111010101
In base 5, what is 4 - -1100?
1104
In base 8, what is 10600 - -4?
10604
In base 4, what is -12 - -1320?
1302
In base 4, what is 1 + 121?
122
In base 13, what is -1130 + 3?
-112a
In base 4, what is 2203233 + -3?
2203230
In base 8, what is 2 - -450?
452
In base 13, what is 8 + 35?
40
In base 9, what is 1536 + -4?
1532
In base 12, what is 14 - -127?
13b
In base 15, what is 75 + 1?
76
In base 9, what is -2 + 10?
7
In base 11, what is -378 - 9?
-386
In base 4, what is -32 + -103?
-201
In base 7, what is 150220 + -1?
150216
In base 14, what is -3cab + 5?
-3ca6
In base 8, what is 31 - -10?
41
In base 2, what is 10 + 110010?
110100
In base 4, what is -121 - -323?
202
In base 6, what is -502 + -5?
-511
In base 4, what is -21002 + -130?
-21132
In base 2, what is -100 + 101001001011?
101001000111
In base 13, what is -9 - -1a2?
196
In base 13, what is 1862 + 4?
1866
In base 15, what is 29 - 7?
22
In base 11, what is 132 - -1?
133
In base 8, what is -47 + 107?
40
In base 9, what is 148 - 3?
145
In base 2, what is 1001110 - 1?
1001101
In base 13, what is -4c6 + 3?
-4c3
In base 8, what is 157 + -1?
156
In base 6, what is 1 + 3541?
3542
In base 11, what is -4a52 + -5?
-4a57
In base 13, what is 1 + -3?
-2
In base 16, what is -3 - -29f?
29c
In base 14, what is -3 + -1b?
-20
In base 6, what is -205 - -4?
-201
In base 4, what is 101 + 100?
201
In base 6, what is 4 - -1331?
1335
In base 14, what is -1c + -77?
-95
In base 6, what is 3 + 10225?
10232
In base 13, what is 6 + -111?
-108
In base 3, what is -1200 - -22?
-1101
In base 5, what is 2 + 223?
230
In base 16, what is -e + -7?
-15
In base 10, what is -21 + -5?
-26
In base 9, what is -608 + 3?
-605
In base 7, what is -4 + -3461?
-3465
In base 16, what is 39 - -9?
42
In base 16, what is